{"id":81,"date":"2015-06-01T17:47:58","date_gmt":"2015-06-01T15:47:58","guid":{"rendered":"http:\/\/dariusz-muszer.de\/pl\/?page_id=81"},"modified":"2015-06-07T11:35:32","modified_gmt":"2015-06-07T09:35:32","slug":"zapomniany-strajk","status":"publish","type":"page","link":"https:\/\/dariusz-muszer.de\/pl\/poezja\/zapomniany-strajk\/","title":{"rendered":"Zapomniany strajk"},"content":{"rendered":"<p><a href=\"https:\/\/dariusz-muszer.de\/pl\/wp-content\/uploads\/sites\/2\/2015\/06\/zapomniany-strajk.jpg\" rel=\"lightbox[81]\"><img loading=\"lazy\" decoding=\"async\" class=\"alignleft wp-image-444 size-medium\" src=\"https:\/\/dariusz-muszer.de\/pl\/wp-content\/uploads\/sites\/2\/2015\/06\/zapomniany-strajk-196x300.jpg\" alt=\"Zapomniany strajk\" width=\"196\" height=\"300\" srcset=\"https:\/\/dariusz-muszer.de\/pl\/wp-content\/uploads\/sites\/2\/2015\/06\/zapomniany-strajk-196x300.jpg 196w, https:\/\/dariusz-muszer.de\/pl\/wp-content\/uploads\/sites\/2\/2015\/06\/zapomniany-strajk-131x200.jpg 131w, https:\/\/dariusz-muszer.de\/pl\/wp-content\/uploads\/sites\/2\/2015\/06\/zapomniany-strajk.jpg 600w\" sizes=\"auto, (max-width: 196px) 100vw, 196px\" \/><\/a>Dariusz Muszer<br \/>\n<strong>Zapomniany strajk<\/strong><br \/>\n(Pozna\u0144, 29 stycznia &#8211; 19 lutego 1981)<\/p>\n<p>Oficyna FJ, Toronto 2012<br \/>\nISBN 978-0-9731425-8-7<br \/>\n10 stron<\/p>\n<p>Opracowanie graficzne: Hanka Ko\u015bcielska<br \/>\nKoordynacja prac wydawniczych,<br \/>\ndruk i prace introligatorskie: Henryk W\u00f3jcik, Toronto<br \/>\nZdj\u0119cie autora: Hanna Rex<\/p>\n<p>Wydano w 30 numerowanych egzemplarzach<\/p>\n<hr \/>\n<p><strong>Od autora:<\/strong><\/p>\n<p>Prezentowane wiersze powsta\u0142y w 1981 roku, kr\u00f3tko po zako\u0144czeniu strajku okupacyjnego student\u00f3w Uniwersytetu im. Adama Mickiewicza w Poznaniu, kt\u00f3rego by\u0142em uczestnikiem.<\/p>\n<p>Kobieta, o kt\u00f3rej mowa w wierszach, ma na imi\u0119 Aleksandra. Przez wiele lat byli\u015bmy ma\u0142\u017ce\u0144stwem, 13. grudnia 1981 roku urodzi\u0142a si\u0119 nasza c\u00f3rka Kinga. Tym dw\u00f3m kobietom i wszystkim uczestnikom strajku dedykuj\u0119 te wiersze.<\/p>\n<hr \/>\n<h2>Akcja Y<\/h2>\n<p>M\u00f3wili \u017ce jeste\u015bmy grup\u0105 bojow\u0105<br \/>\n\u017ce powinni\u015bmy by\u0107 dumni<br \/>\n\u017ce wyr\u00f3\u017cnienie du\u017ce i takie tam inne pierdo\u0142y<br \/>\nCzuli\u015bmy si\u0119 jak czeki\u015bci z Czarnych Panter<br \/>\nbojownicy Che Guevary. Kolumbowie<\/p>\n<p>O czwartej rano mieli\u015bmy i\u015b\u0107 na akcj\u0119<br \/>\n\u017ceby ludzie jad\u0105cy tramwajami do pracy wiedzieli<br \/>\nczego chcemy i \u017ce jeszcze si\u0119 trzymamy<br \/>\nNie spali\u015bmy wcale. Czy\u015bcili\u015bmy buty<br \/>\npastowali\u015bmy kremem Nivea<br \/>\ni \u017cegnali\u015bmy si\u0119 na zawsze z towarzyszami<\/p>\n<p>Dopiero kr\u00f3tko przed czwart\u0105<br \/>\nprzebudzi\u0142 si\u0119 jeden z przyw\u00f3dc\u00f3w strajku<br \/>\ni powiedzia\u0142 \u017ce rozlepianie plakat\u00f3w<br \/>\nto dziecinada i zawracanie g\u0142owy<br \/>\ngdy\u017c dzia\u0142anie powinno by\u0107 bardziej radykalne<br \/>\nNawet nie ogarn\u0119\u0142a nas czarna rozpacz<\/p>\n<p>Kacper powiedzia\u0142 \u017ce w takim razie<br \/>\nmam mu po strajku odkupi\u0107 krem<\/p>\n","protected":false},"excerpt":{"rendered":"<p>Dariusz Muszer Zapomniany strajk (Pozna\u0144, 29 stycznia &#8211; 19 lutego 1981) Oficyna FJ, Toronto 2012 ISBN 978-0-9731425-8-7 10 stron Opracowanie graficzne: Hanka Ko\u015bcielska Koordynacja prac wydawniczych, druk i prace introligatorskie: Henryk W\u00f3jcik, Toronto Zdj\u0119cie autora: Hanna Rex Wydano w 30 numerowanych egzemplarzach Od autora: Prezentowane wiersze powsta\u0142y w 1981 roku, kr\u00f3tko po zako\u0144czeniu strajku okupacyjnego [&hellip;]<\/p>\n","protected":false},"author":1,"featured_media":0,"parent":5,"menu_order":1,"comment_status":"closed","ping_status":"closed","template":"","meta":{"footnotes":""},"class_list":["post-81","page","type-page","status-publish","hentry"],"yoast_head":"<!-- This site is optimized with the Yoast SEO plugin v27.0 - https:\/\/yoast.com\/product\/yoast-seo-wordpress\/ -->\n<title>Zapomniany strajk - Dariusz Muszer<\/title>\n<meta name=\"description\" content=\"Dariusz Muszer: Zapomniany strajk (Pozna\u0144, 29 stycznia - 19 lutego 1981) - wiersze. Oficyna FJ Toronto 2012. Prezentowane wiersze powsta\u0142y w 1981 roku.\" \/>\n<meta name=\"robots\" content=\"index, follow, max-snippet:-1, max-image-preview:large, max-video-preview:-1\" \/>\n<link rel=\"canonical\" href=\"https:\/\/dariusz-muszer.de\/pl\/poezja\/zapomniany-strajk\/\" \/>\n<meta property=\"og:locale\" content=\"pl_PL\" \/>\n<meta property=\"og:type\" content=\"article\" \/>\n<meta property=\"og:title\" content=\"Zapomniany strajk - Dariusz Muszer\" \/>\n<meta property=\"og:description\" content=\"Dariusz Muszer: Zapomniany strajk (Pozna\u0144, 29 stycznia - 19 lutego 1981) - wiersze. Oficyna FJ Toronto 2012. Prezentowane wiersze powsta\u0142y w 1981 roku.\" \/>\n<meta property=\"og:url\" content=\"https:\/\/dariusz-muszer.de\/pl\/poezja\/zapomniany-strajk\/\" \/>\n<meta property=\"og:site_name\" content=\"Dariusz Muszer\" \/>\n<meta property=\"article:modified_time\" content=\"2015-06-07T09:35:32+00:00\" \/>\n<meta property=\"og:image\" content=\"http:\/\/dariusz-muszer.de\/pl\/wp-content\/uploads\/sites\/2\/2015\/06\/zapomniany-strajk-196x300.jpg\" \/>\n<meta name=\"twitter:card\" content=\"summary_large_image\" \/>\n<meta name=\"twitter:label1\" content=\"Szacowany czas czytania\" \/>\n\t<meta name=\"twitter:data1\" content=\"1 minuta\" \/>\n<script type=\"application\/ld+json\" class=\"yoast-schema-graph\">{\"@context\":\"https:\/\/schema.org\",\"@graph\":[{\"@type\":\"WebPage\",\"@id\":\"https:\/\/dariusz-muszer.de\/pl\/poezja\/zapomniany-strajk\/\",\"url\":\"https:\/\/dariusz-muszer.de\/pl\/poezja\/zapomniany-strajk\/\",\"name\":\"Zapomniany strajk - Dariusz Muszer\",\"isPartOf\":{\"@id\":\"https:\/\/dariusz-muszer.de\/pl\/#website\"},\"primaryImageOfPage\":{\"@id\":\"https:\/\/dariusz-muszer.de\/pl\/poezja\/zapomniany-strajk\/#primaryimage\"},\"image\":{\"@id\":\"https:\/\/dariusz-muszer.de\/pl\/poezja\/zapomniany-strajk\/#primaryimage\"},\"thumbnailUrl\":\"http:\/\/dariusz-muszer.de\/pl\/wp-content\/uploads\/sites\/2\/2015\/06\/zapomniany-strajk-196x300.jpg\",\"datePublished\":\"2015-06-01T15:47:58+00:00\",\"dateModified\":\"2015-06-07T09:35:32+00:00\",\"description\":\"Dariusz Muszer: Zapomniany strajk (Pozna\u0144, 29 stycznia - 19 lutego 1981) - wiersze. Oficyna FJ Toronto 2012. Prezentowane wiersze powsta\u0142y w 1981 roku.\",\"breadcrumb\":{\"@id\":\"https:\/\/dariusz-muszer.de\/pl\/poezja\/zapomniany-strajk\/#breadcrumb\"},\"inLanguage\":\"pl-PL\",\"potentialAction\":[{\"@type\":\"ReadAction\",\"target\":[\"https:\/\/dariusz-muszer.de\/pl\/poezja\/zapomniany-strajk\/\"]}]},{\"@type\":\"ImageObject\",\"inLanguage\":\"pl-PL\",\"@id\":\"https:\/\/dariusz-muszer.de\/pl\/poezja\/zapomniany-strajk\/#primaryimage\",\"url\":\"http:\/\/dariusz-muszer.de\/pl\/wp-content\/uploads\/sites\/2\/2015\/06\/zapomniany-strajk-196x300.jpg\",\"contentUrl\":\"http:\/\/dariusz-muszer.de\/pl\/wp-content\/uploads\/sites\/2\/2015\/06\/zapomniany-strajk-196x300.jpg\"},{\"@type\":\"BreadcrumbList\",\"@id\":\"https:\/\/dariusz-muszer.de\/pl\/poezja\/zapomniany-strajk\/#breadcrumb\",\"itemListElement\":[{\"@type\":\"ListItem\",\"position\":1,\"name\":\"Strona g\u0142\u00f3wna\",\"item\":\"https:\/\/dariusz-muszer.de\/pl\/\"},{\"@type\":\"ListItem\",\"position\":2,\"name\":\"Poezja\",\"item\":\"https:\/\/dariusz-muszer.de\/pl\/poezja\/\"},{\"@type\":\"ListItem\",\"position\":3,\"name\":\"Zapomniany strajk\"}]},{\"@type\":\"WebSite\",\"@id\":\"https:\/\/dariusz-muszer.de\/pl\/#website\",\"url\":\"https:\/\/dariusz-muszer.de\/pl\/\",\"name\":\"Dariusz Muszer\",\"description\":\"pisarz\",\"potentialAction\":[{\"@type\":\"SearchAction\",\"target\":{\"@type\":\"EntryPoint\",\"urlTemplate\":\"https:\/\/dariusz-muszer.de\/pl\/?s={search_term_string}\"},\"query-input\":{\"@type\":\"PropertyValueSpecification\",\"valueRequired\":true,\"valueName\":\"search_term_string\"}}],\"inLanguage\":\"pl-PL\"}]}<\/script>\n<!-- \/ Yoast SEO plugin. -->","yoast_head_json":{"title":"Zapomniany strajk - Dariusz Muszer","description":"Dariusz Muszer: Zapomniany strajk (Pozna\u0144, 29 stycznia - 19 lutego 1981) - wiersze. Oficyna FJ Toronto 2012. Prezentowane wiersze powsta\u0142y w 1981 roku.","robots":{"index":"index","follow":"follow","max-snippet":"max-snippet:-1","max-image-preview":"max-image-preview:large","max-video-preview":"max-video-preview:-1"},"canonical":"https:\/\/dariusz-muszer.de\/pl\/poezja\/zapomniany-strajk\/","og_locale":"pl_PL","og_type":"article","og_title":"Zapomniany strajk - Dariusz Muszer","og_description":"Dariusz Muszer: Zapomniany strajk (Pozna\u0144, 29 stycznia - 19 lutego 1981) - wiersze. Oficyna FJ Toronto 2012. Prezentowane wiersze powsta\u0142y w 1981 roku.","og_url":"https:\/\/dariusz-muszer.de\/pl\/poezja\/zapomniany-strajk\/","og_site_name":"Dariusz Muszer","article_modified_time":"2015-06-07T09:35:32+00:00","og_image":[{"url":"http:\/\/dariusz-muszer.de\/pl\/wp-content\/uploads\/sites\/2\/2015\/06\/zapomniany-strajk-196x300.jpg","type":"","width":"","height":""}],"twitter_card":"summary_large_image","twitter_misc":{"Szacowany czas czytania":"1 minuta"},"schema":{"@context":"https:\/\/schema.org","@graph":[{"@type":"WebPage","@id":"https:\/\/dariusz-muszer.de\/pl\/poezja\/zapomniany-strajk\/","url":"https:\/\/dariusz-muszer.de\/pl\/poezja\/zapomniany-strajk\/","name":"Zapomniany strajk - Dariusz Muszer","isPartOf":{"@id":"https:\/\/dariusz-muszer.de\/pl\/#website"},"primaryImageOfPage":{"@id":"https:\/\/dariusz-muszer.de\/pl\/poezja\/zapomniany-strajk\/#primaryimage"},"image":{"@id":"https:\/\/dariusz-muszer.de\/pl\/poezja\/zapomniany-strajk\/#primaryimage"},"thumbnailUrl":"http:\/\/dariusz-muszer.de\/pl\/wp-content\/uploads\/sites\/2\/2015\/06\/zapomniany-strajk-196x300.jpg","datePublished":"2015-06-01T15:47:58+00:00","dateModified":"2015-06-07T09:35:32+00:00","description":"Dariusz Muszer: Zapomniany strajk (Pozna\u0144, 29 stycznia - 19 lutego 1981) - wiersze. Oficyna FJ Toronto 2012. Prezentowane wiersze powsta\u0142y w 1981 roku.","breadcrumb":{"@id":"https:\/\/dariusz-muszer.de\/pl\/poezja\/zapomniany-strajk\/#breadcrumb"},"inLanguage":"pl-PL","potentialAction":[{"@type":"ReadAction","target":["https:\/\/dariusz-muszer.de\/pl\/poezja\/zapomniany-strajk\/"]}]},{"@type":"ImageObject","inLanguage":"pl-PL","@id":"https:\/\/dariusz-muszer.de\/pl\/poezja\/zapomniany-strajk\/#primaryimage","url":"http:\/\/dariusz-muszer.de\/pl\/wp-content\/uploads\/sites\/2\/2015\/06\/zapomniany-strajk-196x300.jpg","contentUrl":"http:\/\/dariusz-muszer.de\/pl\/wp-content\/uploads\/sites\/2\/2015\/06\/zapomniany-strajk-196x300.jpg"},{"@type":"BreadcrumbList","@id":"https:\/\/dariusz-muszer.de\/pl\/poezja\/zapomniany-strajk\/#breadcrumb","itemListElement":[{"@type":"ListItem","position":1,"name":"Strona g\u0142\u00f3wna","item":"https:\/\/dariusz-muszer.de\/pl\/"},{"@type":"ListItem","position":2,"name":"Poezja","item":"https:\/\/dariusz-muszer.de\/pl\/poezja\/"},{"@type":"ListItem","position":3,"name":"Zapomniany strajk"}]},{"@type":"WebSite","@id":"https:\/\/dariusz-muszer.de\/pl\/#website","url":"https:\/\/dariusz-muszer.de\/pl\/","name":"Dariusz Muszer","description":"pisarz","potentialAction":[{"@type":"SearchAction","target":{"@type":"EntryPoint","urlTemplate":"https:\/\/dariusz-muszer.de\/pl\/?s={search_term_string}"},"query-input":{"@type":"PropertyValueSpecification","valueRequired":true,"valueName":"search_term_string"}}],"inLanguage":"pl-PL"}]}},"_links":{"self":[{"href":"https:\/\/dariusz-muszer.de\/pl\/wp-json\/wp\/v2\/pages\/81","targetHints":{"allow":["GET"]}}],"collection":[{"href":"https:\/\/dariusz-muszer.de\/pl\/wp-json\/wp\/v2\/pages"}],"about":[{"href":"https:\/\/dariusz-muszer.de\/pl\/wp-json\/wp\/v2\/types\/page"}],"author":[{"embeddable":true,"href":"https:\/\/dariusz-muszer.de\/pl\/wp-json\/wp\/v2\/users\/1"}],"replies":[{"embeddable":true,"href":"https:\/\/dariusz-muszer.de\/pl\/wp-json\/wp\/v2\/comments?post=81"}],"version-history":[{"count":1,"href":"https:\/\/dariusz-muszer.de\/pl\/wp-json\/wp\/v2\/pages\/81\/revisions"}],"predecessor-version":[{"id":1310,"href":"https:\/\/dariusz-muszer.de\/pl\/wp-json\/wp\/v2\/pages\/81\/revisions\/1310"}],"up":[{"embeddable":true,"href":"https:\/\/dariusz-muszer.de\/pl\/wp-json\/wp\/v2\/pages\/5"}],"wp:attachment":[{"href":"https:\/\/dariusz-muszer.de\/pl\/wp-json\/wp\/v2\/media?parent=81"}],"curies":[{"name":"wp","href":"https:\/\/api.w.org\/{rel}","templated":true}]}}

<p><a href="https://dariusz-muszer.de/pl/wp-content/uploads/sites/2/2015/06/zapomniany-strajk.jpg" rel="lightbox[81]"><img loading="lazy" decoding="async" class="alignleft wp-image-444 size-medium" src="https://dariusz-muszer.de/pl/wp-content/uploads/sites/2/2015/06/zapomniany-strajk-196x300.jpg" alt="Zapomniany strajk" width="196" height="300" srcset="https://dariusz-muszer.de/pl/wp-content/uploads/sites/2/2015/06/zapomniany-strajk-196x300.jpg 196w, https://dariusz-muszer.de/pl/wp-content/uploads/sites/2/2015/06/zapomniany-strajk-131x200.jpg 131w, https://dariusz-muszer.de/pl/wp-content/uploads/sites/2/2015/06/zapomniany-strajk.jpg 600w" sizes="auto, (max-width: 196px) 100vw, 196px" /></a>Dariusz Muszer<br />
<strong>Zapomniany strajk</strong><br />
(Poznań, 29 stycznia &#8211; 19 lutego 1981)</p>
<p>Oficyna FJ, Toronto 2012<br />
ISBN 978-0-9731425-8-7<br />
10 stron</p>
<p>Opracowanie graficzne: Hanka Kościelska<br />
Koordynacja prac wydawniczych,<br />
druk i prace introligatorskie: Henryk Wójcik, Toronto<br />
Zdjęcie autora: Hanna Rex</p>
<p>Wydano w 30 numerowanych egzemplarzach</p>
<hr />
<p><strong>Od autora:</strong></p>
<p>Prezentowane wiersze powstały w 1981 roku, krótko po zakończeniu strajku okupacyjnego studentów Uniwersytetu im. Adama Mickiewicza w Poznaniu, którego byłem uczestnikiem.</p>
<p>Kobieta, o której mowa w wierszach, ma na imię Aleksandra. Przez wiele lat byliśmy małżeństwem, 13. grudnia 1981 roku urodziła się nasza córka Kinga. Tym dwóm kobietom i wszystkim uczestnikom strajku dedykuję te wiersze.</p>
<hr />
<h2>Akcja Y</h2>
<p>Mówili że jesteśmy grupą bojową<br />
że powinniśmy być dumni<br />
że wyróżnienie duże i takie tam inne pierdoły<br />
Czuliśmy się jak czekiści z Czarnych Panter<br />
bojownicy Che Guevary. Kolumbowie</p>
<p>O czwartej rano mieliśmy iść na akcję<br />
żeby ludzie jadący tramwajami do pracy wiedzieli<br />
czego chcemy i że jeszcze się trzymamy<br />
Nie spaliśmy wcale. Czyściliśmy buty<br />
pastowaliśmy kremem Nivea<br />
i żegnaliśmy się na zawsze z towarzyszami</p>
<p>Dopiero krótko przed czwartą<br />
przebudził się jeden z przywódców strajku<br />
i powiedział że rozlepianie plakatów<br />
to dziecinada i zawracanie głowy<br />
gdyż działanie powinno być bardziej radykalne<br />
Nawet nie ogarnęła nas czarna rozpacz</p>
<p>Kacper powiedział że w takim razie<br />
mam mu po strajku odkupić krem</p>

<p>Dariusz Muszer Zapomniany strajk (Poznań, 29 stycznia &#8211; 19 lutego 1981) Oficyna FJ, Toronto 2012 ISBN 978-0-9731425-8-7 10 stron Opracowanie graficzne: Hanka Kościelska Koordynacja prac wydawniczych, druk i prace introligatorskie: Henryk Wójcik, Toronto Zdjęcie autora: Hanna Rex Wydano w 30 numerowanych egzemplarzach Od autora: Prezentowane wiersze powstały w 1981 roku, krótko po zakończeniu strajku okupacyjnego [&hellip;]</p>

<!-- This site is optimized with the Yoast SEO plugin v27.0 - https://yoast.com/product/yoast-seo-wordpress/ -->
<title>Zapomniany strajk - Dariusz Muszer</title>
<meta name="description" content="Dariusz Muszer: Zapomniany strajk (Poznań, 29 stycznia - 19 lutego 1981) - wiersze. Oficyna FJ Toronto 2012. Prezentowane wiersze powstały w 1981 roku." />
<meta name="robots" content="index, follow, max-snippet:-1, max-image-preview:large, max-video-preview:-1" />
<link rel="canonical" href="https://dariusz-muszer.de/pl/poezja/zapomniany-strajk/" />
<meta property="og:locale" content="pl_PL" />
<meta property="og:type" content="article" />
<meta property="og:title" content="Zapomniany strajk - Dariusz Muszer" />
<meta property="og:description" content="Dariusz Muszer: Zapomniany strajk (Poznań, 29 stycznia - 19 lutego 1981) - wiersze. Oficyna FJ Toronto 2012. Prezentowane wiersze powstały w 1981 roku." />
<meta property="og:url" content="https://dariusz-muszer.de/pl/poezja/zapomniany-strajk/" />
<meta property="og:site_name" content="Dariusz Muszer" />
<meta property="article:modified_time" content="2015-06-07T09:35:32+00:00" />
<meta property="og:image" content="http://dariusz-muszer.de/pl/wp-content/uploads/sites/2/2015/06/zapomniany-strajk-196x300.jpg" />
<meta name="twitter:card" content="summary_large_image" />
<meta name="twitter:label1" content="Szacowany czas czytania" />
	<meta name="twitter:data1" content="1 minuta" />
<script type="application/ld+json" class="yoast-schema-graph">{"@context":"https://schema.org","@graph":[{"@type":"WebPage","@id":"https://dariusz-muszer.de/pl/poezja/zapomniany-strajk/","url":"https://dariusz-muszer.de/pl/poezja/zapomniany-strajk/","name":"Zapomniany strajk - Dariusz Muszer","isPartOf":{"@id":"https://dariusz-muszer.de/pl/#website"},"primaryImageOfPage":{"@id":"https://dariusz-muszer.de/pl/poezja/zapomniany-strajk/#primaryimage"},"image":{"@id":"https://dariusz-muszer.de/pl/poezja/zapomniany-strajk/#primaryimage"},"thumbnailUrl":"http://dariusz-muszer.de/pl/wp-content/uploads/sites/2/2015/06/zapomniany-strajk-196x300.jpg","datePublished":"2015-06-01T15:47:58+00:00","dateModified":"2015-06-07T09:35:32+00:00","description":"Dariusz Muszer: Zapomniany strajk (Poznań, 29 stycznia - 19 lutego 1981) - wiersze. Oficyna FJ Toronto 2012. Prezentowane wiersze powstały w 1981 roku.","breadcrumb":{"@id":"https://dariusz-muszer.de/pl/poezja/zapomniany-strajk/#breadcrumb"},"inLanguage":"pl-PL","potentialAction":[{"@type":"ReadAction","target":["https://dariusz-muszer.de/pl/poezja/zapomniany-strajk/"]}]},{"@type":"ImageObject","inLanguage":"pl-PL","@id":"https://dariusz-muszer.de/pl/poezja/zapomniany-strajk/#primaryimage","url":"http://dariusz-muszer.de/pl/wp-content/uploads/sites/2/2015/06/zapomniany-strajk-196x300.jpg","contentUrl":"http://dariusz-muszer.de/pl/wp-content/uploads/sites/2/2015/06/zapomniany-strajk-196x300.jpg"},{"@type":"BreadcrumbList","@id":"https://dariusz-muszer.de/pl/poezja/zapomniany-strajk/#breadcrumb","itemListElement":[{"@type":"ListItem","position":1,"name":"Strona główna","item":"https://dariusz-muszer.de/pl/"},{"@type":"ListItem","position":2,"name":"Poezja","item":"https://dariusz-muszer.de/pl/poezja/"},{"@type":"ListItem","position":3,"name":"Zapomniany strajk"}]},{"@type":"WebSite","@id":"https://dariusz-muszer.de/pl/#website","url":"https://dariusz-muszer.de/pl/","name":"Dariusz Muszer","description":"pisarz","potentialAction":[{"@type":"SearchAction","target":{"@type":"EntryPoint","urlTemplate":"https://dariusz-muszer.de/pl/?s={search_term_string}"},"query-input":{"@type":"PropertyValueSpecification","valueRequired":true,"valueName":"search_term_string"}}],"inLanguage":"pl-PL"}]}</script>
<!-- / Yoast SEO plugin. -->

Dariusz Muszer: Zapomniany strajk (Poznań, 29 stycznia - 19 lutego 1981) - wiersze. Oficyna FJ Toronto 2012. Prezentowane wiersze powstały w 1981 roku.

Strona główna
